{"id":1451,"date":"2025-07-01T16:48:08","date_gmt":"2025-07-01T16:48:08","guid":{"rendered":"https:\/\/rentals.intermobiliaria.es\/?post_type=product&#038;p=1451"},"modified":"2026-04-29T03:15:06","modified_gmt":"2026-04-29T03:15:06","slug":"jardines-de-manilva","status":"publish","type":"product","link":"https:\/\/rentals.intermobiliaria.es\/en\/alquileres\/jardines-de-manilva\/","title":{"rendered":"Jardines de Manilva"},"content":{"rendered":"<p>Apartment with garden in gated urbanization near the beach. Quiet residential area. 2 double bedrooms, one en suite and 2 bathrooms. Fully fitted  kitchen and living-dinning room leading to a nice sunny garden with sea views. International TV channels and WIFI. Short drive to Puerto de Sotogrande, Duquesa Port and all kind of services. 400 metres from the beach.<\/p>\n<p>Airport transfer available, please, ask for rates.\nTo your comfort, it is recommended to book the apartment one more night for early arrivals or late departures.<\/p>\n<p>*Pool open all year round except in the case of technical failure, storms or severe drought.<\/p>\n<p>VUT\/MA\/90991<\/p>","protected":false},"excerpt":{"rendered":"<p>Apartamento con jard\u00edn en urbanizaci\u00f3n cerrada cerca de la playa. Zona residencial tranquila. 2 dormitorios dobles, uno de ellos en suite, y 2 ba\u00f1os. Cocina totalmente equipada y sal\u00f3n-comedor con salida a un bonito y soleado jard\u00edn con vistas al mar. Canales de televisi\u00f3n internacionales y wifi. A poca distancia en coche del Puerto de [&hellip;]<\/p>\n","protected":false},"featured_media":1481,"comment_status":"open","ping_status":"closed","template":"","meta":{"_et_pb_use_builder":"","_et_pb_old_content":"","_et_gb_content_width":""},"product_brand":[],"product_cat":[147],"product_tag":[102,37,72,65,70,77,94,87,48,53,39,100,69,101,79,78,83,66,52,51,74,71,54,99],"class_list":{"0":"post-1451","1":"product","2":"type-product","3":"status-publish","4":"has-post-thumbnail","6":"product_cat-manilva-jardines-de-manilva","7":"product_tag-accesible-en-silla-de-ruedas","8":"product_tag-aire-acondicionado","9":"product_tag-cafetera","10":"product_tag-calefaccion-central","11":"product_tag-frigorifico","12":"product_tag-hervidor-de-agua-electrico","13":"product_tag-horno","14":"product_tag-iluminacion-exterior","15":"product_tag-jardin-compartido","16":"product_tag-lavadora","17":"product_tag-lavavajillas","18":"product_tag-mesa-de-comedor","19":"product_tag-microondas","20":"product_tag-numero-de-contacto-del-hospital","21":"product_tag-piscina-al-aire-libre","22":"product_tag-piscina-comunitaria","23":"product_tag-plancha-con-tabla-de-planchar","24":"product_tag-secador-de-pelo","25":"product_tag-television","26":"product_tag-toallas-disponibles","27":"product_tag-tostadora","28":"product_tag-vajilla-y-cuberteria","29":"product_tag-wifi","30":"product_tag-wifi-gratis","31":"type-piso-apartamento","33":"first","34":"instock","35":"virtual","36":"sold-individually","37":"purchasable","38":"product-type-booking"},"_links":{"self":[{"href":"https:\/\/rentals.intermobiliaria.es\/en\/wp-json\/wp\/v2\/product\/1451","targetHints":{"allow":["GET"]}}],"collection":[{"href":"https:\/\/rentals.intermobiliaria.es\/en\/wp-json\/wp\/v2\/product"}],"about":[{"href":"https:\/\/rentals.intermobiliaria.es\/en\/wp-json\/wp\/v2\/types\/product"}],"replies":[{"embeddable":true,"href":"https:\/\/rentals.intermobiliaria.es\/en\/wp-json\/wp\/v2\/comments?post=1451"}],"wp:featuredmedia":[{"embeddable":true,"href":"https:\/\/rentals.intermobiliaria.es\/en\/wp-json\/wp\/v2\/media\/1481"}],"wp:attachment":[{"href":"https:\/\/rentals.intermobiliaria.es\/en\/wp-json\/wp\/v2\/media?parent=1451"}],"wp:term":[{"taxonomy":"product_brand","embeddable":true,"href":"https:\/\/rentals.intermobiliaria.es\/en\/wp-json\/wp\/v2\/product_brand?post=1451"},{"taxonomy":"product_cat","embeddable":true,"href":"https:\/\/rentals.intermobiliaria.es\/en\/wp-json\/wp\/v2\/product_cat?post=1451"},{"taxonomy":"product_tag","embeddable":true,"href":"https:\/\/rentals.intermobiliaria.es\/en\/wp-json\/wp\/v2\/product_tag?post=1451"}],"curies":[{"name":"wp","href":"https:\/\/api.w.org\/{rel}","templated":true}]}}

<p>Apartamento con jardín en urbanización cerrada cerca de la playa. Zona residencial tranquila. 2 dormitorios dobles, uno de ellos en suite, y 2 baños. Cocina totalmente equipada y salón-comedor con salida a un bonito y soleado jardín con vistas al mar. Canales de televisión internacionales y wifi. A poca distancia en coche del Puerto de [&hellip;]</p>
